{"id":5514,"date":"2022-08-25T22:02:05","date_gmt":"2022-08-25T20:02:05","guid":{"rendered":"https:\/\/andyschleckcycles.lu\/?page_id=5514"},"modified":"2025-02-08T09:40:07","modified_gmt":"2025-02-08T07:40:07","slug":"assurance-velo-assurancemybike","status":"publish","type":"page","link":"https:\/\/andyschleckcycles.lu\/fr\/prestations-de-service\/assurance-velo-assurancemybike\/","title":{"rendered":"Assurance v\u00e9lo \u2013 InsureMyBike"},"content":{"rendered":"<div data-elementor-type=\"wp-page\" data-elementor-id=\"5514\" class=\"elementor elementor-5514\" data-elementor-post-type=\"page\">\n\t\t\t\t<div class=\"elementor-element elementor-element-ff8ab65 e-flex e-con-boxed e-con e-parent\" data-id=\"ff8ab65\" data-element_type=\"container\">\n\t\t\t\t\t<div class=\"e-con-inner\">\n\t\t\t\t<div class=\"elementor-element elementor-element-4349794 elementor-widget elementor-widget-heading\" data-id=\"4349794\" data-element_type=\"widget\" data-widget_type=\"heading.default\">\n\t\t\t\t\t<h1 class=\"elementor-heading-title elementor-size-default\">Assurance v\u00e9lo<\/h1>\t\t\t\t<\/div>\n\t\t\t\t<div class=\"elementor-element elementor-element-dfa61ae elementor-widget__width-auto elementor-widget elementor-widget-image\" data-id=\"dfa61ae\" data-element_type=\"widget\" data-widget_type=\"image.default\">\n\t\t\t\t\t\t\t\t\t\t\t\t\t\t\t<img fetchpriority=\"high\" decoding=\"async\" width=\"555\" height=\"152\" src=\"https:\/\/andyschleckcycles.lu\/wp-content\/uploads\/2022\/08\/insure-my-bike.jpg\" class=\"attachment-medium size-medium wp-image-5516\" alt=\"\" title=\"\">\t\t\t\t\t\t\t\t\t\t\t\t\t\t\t<\/div>\n\t\t\t\t<div class=\"elementor-element elementor-element-d125c92 elementor-widget elementor-widget-text-editor\" data-id=\"d125c92\" data-element_type=\"widget\" data-widget_type=\"text-editor.default\">\n\t\t\t\t\t\t\t\t\t<p>L&#039;assurance a \u00e9t\u00e9 d\u00e9velopp\u00e9e pour permettre aux passionn\u00e9s de v\u00e9lo de se prot\u00e9ger contre le vol et les dommages. En collaboration avec B\u00e2loise Luxembourg, nous vous proposons une solution simple et s\u00fbre pour les v\u00e9los neufs, qu&#039;il s&#039;agisse de v\u00e9los de course, de v\u00e9los \u00e9lectriques ou de tout autre type de v\u00e9lo, et leurs accessoires. Cette assurance est valable dans le monde entier et avec un tarif unique et sans franchise.<\/p>\n<br>\n<p><strong>Pourquoi choisir InsureMyBike ?<\/strong><\/p>\n<p>B\u00e2loise Luxembourg a lanc\u00e9 une nouvelle assurance pour tous les passionn\u00e9s de v\u00e9lo afin d&#039;assurer leurs v\u00e9los contre le vol et les dommages.<\/p>\n<p>Pour vos d\u00e9placements ou pour votre passion, InsureMyBike c&#039;est la protection compl\u00e8te de votre v\u00e9lo. Qu&#039;il s&#039;agisse d&#039;un v\u00e9lo de course, d&#039;un e-bike ou de tout autre type de v\u00e9lo, nous voulons que chaque passionn\u00e9 puisse couvrir son v\u00e9lo facilement et se sente simplement en s\u00e9curit\u00e9.<\/p>\n<br>\n<p><strong>Vos avantages :<\/strong><\/p>\n\n<ul>\n<li>Couverture des v\u00e9los neufs et de leurs accessoires<\/li>\n<li>Vos v\u00e9los sont assur\u00e9s jusqu&#039;\u00e0 15 000 \u20ac<\/li>\n<li>Protection compl\u00e8te contre les dommages et le vol<\/li>\n<li>Couverture valable dans le monde entier<\/li>\n<li>Pas de franchise en cas de sinistre !<\/li>\n<\/ul>\t\t\t\t\t\t\t\t<\/div>\n\t\t\t\t\t<\/div>\n\t\t\t\t<\/div>\n\t\t\t\t<\/div>","protected":false},"excerpt":{"rendered":"<p>Bike Insurance The insurance was developed to allow bicycle enthusiasts to protect themselves against theft and damage. Together with B\u00e2loise Luxembourg we offer you a simple and safe solution for new bikes, whether racing bikes, e-bikes or any other type of bike, and their accessories. This insurance is valid worldwide and with a single rate &hellip; <a href=\"https:\/\/andyschleckcycles.lu\/fr\/prestations-de-service\/assurance-velo-assurancemybike\/\" class=\"more-link\">continuer la lecture <span class=\"screen-reader-text\">Assurance v\u00e9lo \u2013 InsureMyBike<\/span><\/a><\/p>","protected":false},"author":1,"featured_media":0,"parent":4483,"menu_order":0,"comment_status":"closed","ping_status":"closed","template":"","meta":{"footnotes":""},"folder":[],"class_list":["post-5514","page","type-page","status-publish","hentry"],"_links":{"self":[{"href":"https:\/\/andyschleckcycles.lu\/fr\/wp-json\/wp\/v2\/pages\/5514","targetHints":{"allow":["GET"]}}],"collection":[{"href":"https:\/\/andyschleckcycles.lu\/fr\/wp-json\/wp\/v2\/pages"}],"about":[{"href":"https:\/\/andyschleckcycles.lu\/fr\/wp-json\/wp\/v2\/types\/page"}],"author":[{"embeddable":true,"href":"https:\/\/andyschleckcycles.lu\/fr\/wp-json\/wp\/v2\/users\/1"}],"replies":[{"embeddable":true,"href":"https:\/\/andyschleckcycles.lu\/fr\/wp-json\/wp\/v2\/comments?post=5514"}],"version-history":[{"count":6,"href":"https:\/\/andyschleckcycles.lu\/fr\/wp-json\/wp\/v2\/pages\/5514\/revisions"}],"predecessor-version":[{"id":24363,"href":"https:\/\/andyschleckcycles.lu\/fr\/wp-json\/wp\/v2\/pages\/5514\/revisions\/24363"}],"up":[{"embeddable":true,"href":"https:\/\/andyschleckcycles.lu\/fr\/wp-json\/wp\/v2\/pages\/4483"}],"wp:attachment":[{"href":"https:\/\/andyschleckcycles.lu\/fr\/wp-json\/wp\/v2\/media?parent=5514"}],"wp:term":[{"taxonomy":"folder","embeddable":true,"href":"https:\/\/andyschleckcycles.lu\/fr\/wp-json\/wp\/v2\/folder?post=5514"}],"curies":[{"name":"wp","href":"https:\/\/api.w.org\/{rel}","templated":true}]}}

Assurance vélo – InsureMyBike

<div data-elementor-type="wp-page" data-elementor-id="5514" class="elementor elementor-5514" data-elementor-post-type="page">
				<div class="elementor-element elementor-element-ff8ab65 e-flex e-con-boxed e-con e-parent" data-id="ff8ab65" data-element_type="container">
					<div class="e-con-inner">
				<div class="elementor-element elementor-element-4349794 elementor-widget elementor-widget-heading" data-id="4349794" data-element_type="widget" data-widget_type="heading.default">
					<h1 class="elementor-heading-title elementor-size-default">Assurance vélo</h1>				</div>
				<div class="elementor-element elementor-element-dfa61ae elementor-widget__width-auto elementor-widget elementor-widget-image" data-id="dfa61ae" data-element_type="widget" data-widget_type="image.default">
															<img fetchpriority="high" decoding="async" width="555" height="152" src="https://andyschleckcycles.lu/wp-content/uploads/2022/08/insure-my-bike.jpg" class="attachment-medium size-medium wp-image-5516" alt="" title="">															</div>
				<div class="elementor-element elementor-element-d125c92 elementor-widget elementor-widget-text-editor" data-id="d125c92" data-element_type="widget" data-widget_type="text-editor.default">
									<p>L&#039;assurance a été développée pour permettre aux passionnés de vélo de se protéger contre le vol et les dommages. En collaboration avec Bâloise Luxembourg, nous vous proposons une solution simple et sûre pour les vélos neufs, qu&#039;il s&#039;agisse de vélos de course, de vélos électriques ou de tout autre type de vélo, et leurs accessoires. Cette assurance est valable dans le monde entier et avec un tarif unique et sans franchise.</p>
<br>
<p><strong>Pourquoi choisir InsureMyBike ?</strong></p>
<p>Bâloise Luxembourg a lancé une nouvelle assurance pour tous les passionnés de vélo afin d&#039;assurer leurs vélos contre le vol et les dommages.</p>
<p>Pour vos déplacements ou pour votre passion, InsureMyBike c&#039;est la protection complète de votre vélo. Qu&#039;il s&#039;agisse d&#039;un vélo de course, d&#039;un e-bike ou de tout autre type de vélo, nous voulons que chaque passionné puisse couvrir son vélo facilement et se sente simplement en sécurité.</p>
<br>
<p><strong>Vos avantages :</strong></p>

<ul>
<li>Couverture des vélos neufs et de leurs accessoires</li>
<li>Vos vélos sont assurés jusqu&#039;à 15 000 €</li>
<li>Protection complète contre les dommages et le vol</li>
<li>Couverture valable dans le monde entier</li>
<li>Pas de franchise en cas de sinistre !</li>
</ul>								</div>
					</div>
				</div>
				</div>

<p>Bike Insurance The insurance was developed to allow bicycle enthusiasts to protect themselves against theft and damage. Together with Bâloise Luxembourg we offer you a simple and safe solution for new bikes, whether racing bikes, e-bikes or any other type of bike, and their accessories. This insurance is valid worldwide and with a single rate &hellip; <a href="https://andyschleckcycles.lu/fr/prestations-de-service/assurance-velo-assurancemybike/" class="more-link">continuer la lecture <span class="screen-reader-text">Assurance vélo – InsureMyBike</span></a></p>
