{"id":25213,"date":"2025-09-10T17:43:45","date_gmt":"2025-09-10T15:43:45","guid":{"rendered":"https:\/\/andyschleckcycles.lu\/?post_type=mec-events&#038;p=25213"},"modified":"2025-09-18T12:37:18","modified_gmt":"2025-09-18T10:37:18","slug":"visite-du-luxembourg-avec-la-communaute-asc","status":"publish","type":"mec-events","link":"https:\/\/andyschleckcycles.lu\/fr\/evenements\/visite-du-luxembourg-avec-la-communaute-asc\/","title":{"rendered":"Skoda Tour du Luxembourg avec la Communaut\u00e9 ASC"},"content":{"rendered":"<p><strong>Skoda Tour du Luxembourg avec la Communaut\u00e9 ASC<\/strong><\/p>\n<p>&nbsp;<\/p>\n<p>Rejoignez-nous pour une balade sp\u00e9ciale lors de la derni\u00e8re \u00e9tape du Tour de Luxembourg. Ensemble, nous roulerons et regarderons la course depuis diff\u00e9rents endroits le long du parcours pour vivre l'excitation de pr\u00e8s.<\/p>\n<p>&nbsp;<\/p>\n<p>&#x1f4cd; <strong>Point de rencontre :<\/strong> Glacis<br \/>\n&#x1f5d3;&#xfe0f; <strong>Date :<\/strong> 21 septembre<br \/>\n\u23f0 <strong>Le temps :<\/strong> 9:00 heures<br \/>\n&#x1f6b4;&#x200d;&#x2640;&#xfe0f; <strong>Distance\/Niveau :<\/strong> 50 km \/ tous les niveaux sont les bienvenus<\/p>\n<p><strong>Programme<\/strong><\/p>\n<ul>\n<li>09:00 : Rendez-vous au Glacis<\/li>\n<li>09:30 : D\u00e9part pour Mersch<\/li>\n<li>10:15 : Assister au d\u00e9part officiel de l'\u00e9tape \u00e0 Mersch<\/li>\n<li>11:00 : Arr\u00eat \u00e0 Saeul pour se regrouper<\/li>\n<li>12:45 : Arriv\u00e9e au Glacis pour assister \u00e0 la finale et au podium<\/li>\n<\/ul>\n<p>&nbsp;<\/p>\n<p>Les d\u00e9tails de la randonn\u00e9e sont partag\u00e9s sur notre page Strava. Suivez-nous pour rester au courant !<\/p>\n<p>Quelques rappels importants :<\/p>\n<p>\u2705 La participation est enti\u00e8rement \u00e0 vos risques et p\u00e9rils.<br \/>\n\u2705 Respectez toutes les r\u00e9glementations locales en mati\u00e8re de circulation.<br \/>\n\u2705 Familiarisez-vous avec l'itin\u00e9raire \u00e0 l'avance.<br \/>\nUn casque et un v\u00e9lo bien entretenu sont indispensables.<\/p>\n<p><strong>\u00a0<\/strong><\/p>\n<p>Venez p\u00e9daler avec nous, partagez la passion et profitez de l'atmosph\u00e8re unique du Tour de Luxembourg.<\/p>\n<p>&nbsp;<\/p>\n<p>L'invitation est ouverte \u00e0 tous. Apportez votre v\u00e9lo et de bonnes vibrations !<\/p>","protected":false},"excerpt":{"rendered":"<p>Skoda Tour of Luxembourg with the ASC Community &nbsp; Join us for a special ride during the final stage of the Tour de Luxembourg. Together we will ride and watch the race from different spots along the course to experience the excitement up close. &nbsp; &#x1f4cd; Meeting point: Glacis &#x1f5d3;&#xfe0f; Date: September 21 &#x23f0; Time: &hellip; <a href=\"https:\/\/andyschleckcycles.lu\/fr\/evenements\/visite-du-luxembourg-avec-la-communaute-asc\/\" class=\"more-link\">continuer la lecture <span class=\"screen-reader-text\">Skoda Tour du Luxembourg avec la Communaut\u00e9 ASC<\/span><\/a><\/p>","protected":false},"author":1029,"featured_media":25220,"comment_status":"open","ping_status":"closed","template":"","tags":[],"mec_category":[],"class_list":["post-25213","mec-events","type-mec-events","status-publish","has-post-thumbnail","hentry"],"_links":{"self":[{"href":"https:\/\/andyschleckcycles.lu\/fr\/wp-json\/wp\/v2\/mec-events\/25213","targetHints":{"allow":["GET"]}}],"collection":[{"href":"https:\/\/andyschleckcycles.lu\/fr\/wp-json\/wp\/v2\/mec-events"}],"about":[{"href":"https:\/\/andyschleckcycles.lu\/fr\/wp-json\/wp\/v2\/types\/mec-events"}],"author":[{"embeddable":true,"href":"https:\/\/andyschleckcycles.lu\/fr\/wp-json\/wp\/v2\/users\/1029"}],"replies":[{"embeddable":true,"href":"https:\/\/andyschleckcycles.lu\/fr\/wp-json\/wp\/v2\/comments?post=25213"}],"wp:featuredmedia":[{"embeddable":true,"href":"https:\/\/andyschleckcycles.lu\/fr\/wp-json\/wp\/v2\/media\/25220"}],"wp:attachment":[{"href":"https:\/\/andyschleckcycles.lu\/fr\/wp-json\/wp\/v2\/media?parent=25213"}],"wp:term":[{"taxonomy":"post_tag","embeddable":true,"href":"https:\/\/andyschleckcycles.lu\/fr\/wp-json\/wp\/v2\/tags?post=25213"},{"taxonomy":"mec_category","embeddable":true,"href":"https:\/\/andyschleckcycles.lu\/fr\/wp-json\/wp\/v2\/mec_category?post=25213"}],"curies":[{"name":"wp","href":"https:\/\/api.w.org\/{rel}","templated":true}]}}

Skoda Tour du Luxembourg avec la Communauté ASC

<p><strong>Skoda Tour du Luxembourg avec la Communauté ASC</strong></p>
<p>&nbsp;</p>
<p>Rejoignez-nous pour une balade spéciale lors de la dernière étape du Tour de Luxembourg. Ensemble, nous roulerons et regarderons la course depuis différents endroits le long du parcours pour vivre l'excitation de près.</p>
<p>&nbsp;</p>
<p>&#x1f4cd; <strong>Point de rencontre :</strong> Glacis<br />
&#x1f5d3;&#xfe0f; <strong>Date :</strong> 21 septembre<br />
⏰ <strong>Le temps :</strong> 9:00 heures<br />
&#x1f6b4;&#x200d;&#x2640;&#xfe0f; <strong>Distance/Niveau :</strong> 50 km / tous les niveaux sont les bienvenus</p>
<p><strong>Programme</strong></p>
<ul>
<li>09:00 : Rendez-vous au Glacis</li>
<li>09:30 : Départ pour Mersch</li>
<li>10:15 : Assister au départ officiel de l'étape à Mersch</li>
<li>11:00 : Arrêt à Saeul pour se regrouper</li>
<li>12:45 : Arrivée au Glacis pour assister à la finale et au podium</li>
</ul>
<p>&nbsp;</p>
<p>Les détails de la randonnée sont partagés sur notre page Strava. Suivez-nous pour rester au courant !</p>
<p>Quelques rappels importants :</p>
<p>✅ La participation est entièrement à vos risques et périls.<br />
✅ Respectez toutes les réglementations locales en matière de circulation.<br />
✅ Familiarisez-vous avec l'itinéraire à l'avance.<br />
Un casque et un vélo bien entretenu sont indispensables.</p>
<p><strong> </strong></p>
<p>Venez pédaler avec nous, partagez la passion et profitez de l'atmosphère unique du Tour de Luxembourg.</p>
<p>&nbsp;</p>
<p>L'invitation est ouverte à tous. Apportez votre vélo et de bonnes vibrations !</p>

<p>Skoda Tour of Luxembourg with the ASC Community &nbsp; Join us for a special ride during the final stage of the Tour de Luxembourg. Together we will ride and watch the race from different spots along the course to experience the excitement up close. &nbsp; &#x1f4cd; Meeting point: Glacis &#x1f5d3;&#xfe0f; Date: September 21 &#x23f0; Time: &hellip; <a href="https://andyschleckcycles.lu/fr/evenements/visite-du-luxembourg-avec-la-communaute-asc/" class="more-link">continuer la lecture <span class="screen-reader-text">Skoda Tour du Luxembourg avec la Communauté ASC</span></a></p>
