{"id":25132,"date":"2025-07-09T17:45:08","date_gmt":"2025-07-09T15:45:08","guid":{"rendered":"https:\/\/andyschleckcycles.lu\/?post_type=mec-events&#038;p=25132"},"modified":"2025-07-18T11:50:32","modified_gmt":"2025-07-18T09:50:32","slug":"asc-ladies-ride-tour-de-france-femmes-avec-zwift","status":"publish","type":"mec-events","link":"https:\/\/andyschleckcycles.lu\/fr\/evenements\/asc-ladies-ride-tour-de-france-femmes-avec-zwift\/","title":{"rendered":"ASC Ladies Ride - Tour de France Femmes avec Zwift"},"content":{"rendered":"<p>Calling all Ladies! &#x1f6b4;&#x200d;&#x2640;&#xfe0f;<\/p>\n<p>Rejoignez-nous pour une promenade amusante et sociale en l'honneur de l'esprit et de la force de la <strong>Tour de France Femmes avec Zwift<\/strong>! Une exp\u00e9rience cycliste d\u00e9contract\u00e9e et sociale con\u00e7ue exclusivement pour les femmes.<\/p>\n<p>Il s'agit d'un \u00e9v\u00e9nement ouvert \u00e0 tous <strong>tous les niveaux.<\/strong> Venez rouler, vous connecter et appr\u00e9cier le voyage. Ce n'est pas une question de vitesse.<\/p>\n<p>Apportez votre v\u00e9lo, votre \u00e9nergie et votre amour du cyclisme. C\u00e9l\u00e9brons ensemble le cyclisme f\u00e9minin !<\/p>\n<p>#watchthefemmes<\/p>\n<p>&nbsp;<\/p>\n<p><strong>&#x1f4c5;<\/strong><strong> Samedi 26 juillet 2025<\/strong><\/p>\n<p>&#x1f4cd;\u00a0<strong>Lieu de d\u00e9part<\/strong>: Andy Schleck Cycles<\/p>\n<p>&#x1f6e3;&#xfe0f; <strong>Distance : <\/strong>55 km<\/p>\n<p>\u23f0\u00a0<strong>Caf\u00e9 et croissants \u00e0 9h00<\/strong>Le d\u00e9part de l'excursion est fix\u00e9 \u00e0\u00a0<strong>9:30 AM<\/strong><\/p>\n<p>Les d\u00e9tails de la course sont communiqu\u00e9s sur notre site web\u00a0<strong>Page Strava<\/strong>\u00a0- Suivez-nous pour rester dans la boucle !<br \/>\nQuelques rappels importants :<\/p>\n<p>\u2705 La participation est enti\u00e8rement \u00e0 vos risques et p\u00e9rils.<br \/>\n\u2705 Respectez toutes les r\u00e9glementations locales en mati\u00e8re de circulation.<br \/>\n\u2705 Familiarisez-vous avec l'itin\u00e9raire \u00e0 l'avance.<br \/>\nUn casque et un v\u00e9lo bien entretenu sont indispensables.<\/p>\n<p>&nbsp;<\/p>\n<p>&nbsp;<\/p>","protected":false},"excerpt":{"rendered":"<p>Calling all Ladies! &#x1f6b4;&#x200d;&#x2640;&#xfe0f; Join us for a fun, social ride honoring the spirit and strength of the Tour de France Femmes avec Zwift! A relaxed and social cycling experience designed exclusively for women. This is an inclusive event open to all levels. Come ride, connect, and enjoy the journey. It\u2019s not about speed. Bring &hellip; <a href=\"https:\/\/andyschleckcycles.lu\/fr\/evenements\/asc-ladies-ride-tour-de-france-femmes-avec-zwift\/\" class=\"more-link\">continuer la lecture <span class=\"screen-reader-text\">ASC Ladies Ride - Tour de France Femmes avec Zwift<\/span><\/a><\/p>","protected":false},"author":1029,"featured_media":25133,"comment_status":"closed","ping_status":"closed","template":"","tags":[],"mec_category":[],"class_list":["post-25132","mec-events","type-mec-events","status-publish","has-post-thumbnail","hentry"],"_links":{"self":[{"href":"https:\/\/andyschleckcycles.lu\/fr\/wp-json\/wp\/v2\/mec-events\/25132","targetHints":{"allow":["GET"]}}],"collection":[{"href":"https:\/\/andyschleckcycles.lu\/fr\/wp-json\/wp\/v2\/mec-events"}],"about":[{"href":"https:\/\/andyschleckcycles.lu\/fr\/wp-json\/wp\/v2\/types\/mec-events"}],"author":[{"embeddable":true,"href":"https:\/\/andyschleckcycles.lu\/fr\/wp-json\/wp\/v2\/users\/1029"}],"replies":[{"embeddable":true,"href":"https:\/\/andyschleckcycles.lu\/fr\/wp-json\/wp\/v2\/comments?post=25132"}],"wp:featuredmedia":[{"embeddable":true,"href":"https:\/\/andyschleckcycles.lu\/fr\/wp-json\/wp\/v2\/media\/25133"}],"wp:attachment":[{"href":"https:\/\/andyschleckcycles.lu\/fr\/wp-json\/wp\/v2\/media?parent=25132"}],"wp:term":[{"taxonomy":"post_tag","embeddable":true,"href":"https:\/\/andyschleckcycles.lu\/fr\/wp-json\/wp\/v2\/tags?post=25132"},{"taxonomy":"mec_category","embeddable":true,"href":"https:\/\/andyschleckcycles.lu\/fr\/wp-json\/wp\/v2\/mec_category?post=25132"}],"curies":[{"name":"wp","href":"https:\/\/api.w.org\/{rel}","templated":true}]}}

<p>Calling all Ladies! &#x1f6b4;&#x200d;&#x2640;&#xfe0f;</p>
<p>Rejoignez-nous pour une promenade amusante et sociale en l'honneur de l'esprit et de la force de la <strong>Tour de France Femmes avec Zwift</strong>! Une expérience cycliste décontractée et sociale conçue exclusivement pour les femmes.</p>
<p>Il s'agit d'un événement ouvert à tous <strong>tous les niveaux.</strong> Venez rouler, vous connecter et apprécier le voyage. Ce n'est pas une question de vitesse.</p>
<p>Apportez votre vélo, votre énergie et votre amour du cyclisme. Célébrons ensemble le cyclisme féminin !</p>
<p>#watchthefemmes</p>
<p>&nbsp;</p>
<p><strong>&#x1f4c5;</strong><strong> Samedi 26 juillet 2025</strong></p>
<p>&#x1f4cd; <strong>Lieu de départ</strong>: Andy Schleck Cycles</p>
<p>&#x1f6e3;&#xfe0f; <strong>Distance : </strong>55 km</p>
<p>⏰ <strong>Café et croissants à 9h00</strong>Le départ de l'excursion est fixé à <strong>9:30 AM</strong></p>
<p>Les détails de la course sont communiqués sur notre site web <strong>Page Strava</strong> - Suivez-nous pour rester dans la boucle !<br />
Quelques rappels importants :</p>
<p>✅ La participation est entièrement à vos risques et périls.<br />
✅ Respectez toutes les réglementations locales en matière de circulation.<br />
✅ Familiarisez-vous avec l'itinéraire à l'avance.<br />
Un casque et un vélo bien entretenu sont indispensables.</p>
<p>&nbsp;</p>
<p>&nbsp;</p>
