{"id":25126,"date":"2025-07-05T09:18:14","date_gmt":"2025-07-05T07:18:14","guid":{"rendered":"https:\/\/andyschleckcycles.lu\/?post_type=mec-events&#038;p=25126"},"modified":"2025-07-05T15:46:31","modified_gmt":"2025-07-05T13:46:31","slug":"pas-de-promenade-sociale-normale-sur-route","status":"publish","type":"mec-events","link":"https:\/\/andyschleckcycles.lu\/fr\/evenements\/pas-de-promenade-sociale-normale-sur-route\/","title":{"rendered":"PAS NORMAL Social Road Ride"},"content":{"rendered":"<p>La camionnette Destination Everywhere bient\u00f4t au Luxembourg. Rejoignez le groupe Pas Normal Studios x Andy Schleck Cycles after work !<\/p>\n<p>\u00c0 la fin, vous \u00eates invit\u00e9s \u00e0 rester pour boire un verre.<\/p>\n<p>Cette randonn\u00e9e est ouverte \u00e0 tous les cyclistes d\u00e9vou\u00e9s, et il s'agit strictement d'une randonn\u00e9e sans abandon. Veuillez apporter tout l'\u00e9quipement, la nutrition et l'hydratation dont vous aurez besoin pour cette randonn\u00e9e, et n'oubliez pas que le port du casque est obligatoire. Les r\u00e8gles de circulation et les lois doivent \u00eatre respect\u00e9es \u00e0 tout moment.<\/p>\n<p>&nbsp;<\/p>\n<p>Information importante !<\/p>\n<p>Type : Route<\/p>\n<p>Distance : 55 km, 570 m+<\/p>\n<p>Heure de la r\u00e9union : 18h00<\/p>\n<p>Heure de d\u00e9part : 18:15<\/p>\n<p>Point de rencontre : Andy Schleck Cycles Itzig<\/p>","protected":false},"excerpt":{"rendered":"<p>La camionnette Destination Everywhere bient\u00f4t au Luxembourg. Rejoignez le Pas Normal Studios x Andy Schleck Cycles after work group ride ! A la fin, vous \u00eates les bienvenus pour rester boire un verre. Cette sortie est ouverte \u00e0 tous les cyclistes d\u00e9vou\u00e9s, et elle est strictement interdite. Merci d'apporter votre mat\u00e9riel, votre alimentation et votre hydratation ... <a href=\"https:\/\/andyschleckcycles.lu\/fr\/evenements\/pas-de-promenade-sociale-normale-sur-route\/\" class=\"more-link\">continuer la lecture <span class=\"screen-reader-text\">PAS NORMAL Social Road Ride<\/span><\/a><\/p>","protected":false},"author":1029,"featured_media":25127,"comment_status":"closed","ping_status":"closed","template":"","tags":[],"mec_category":[],"class_list":["post-25126","mec-events","type-mec-events","status-publish","has-post-thumbnail","hentry"],"_links":{"self":[{"href":"https:\/\/andyschleckcycles.lu\/fr\/wp-json\/wp\/v2\/mec-events\/25126","targetHints":{"allow":["GET"]}}],"collection":[{"href":"https:\/\/andyschleckcycles.lu\/fr\/wp-json\/wp\/v2\/mec-events"}],"about":[{"href":"https:\/\/andyschleckcycles.lu\/fr\/wp-json\/wp\/v2\/types\/mec-events"}],"author":[{"embeddable":true,"href":"https:\/\/andyschleckcycles.lu\/fr\/wp-json\/wp\/v2\/users\/1029"}],"replies":[{"embeddable":true,"href":"https:\/\/andyschleckcycles.lu\/fr\/wp-json\/wp\/v2\/comments?post=25126"}],"wp:featuredmedia":[{"embeddable":true,"href":"https:\/\/andyschleckcycles.lu\/fr\/wp-json\/wp\/v2\/media\/25127"}],"wp:attachment":[{"href":"https:\/\/andyschleckcycles.lu\/fr\/wp-json\/wp\/v2\/media?parent=25126"}],"wp:term":[{"taxonomy":"post_tag","embeddable":true,"href":"https:\/\/andyschleckcycles.lu\/fr\/wp-json\/wp\/v2\/tags?post=25126"},{"taxonomy":"mec_category","embeddable":true,"href":"https:\/\/andyschleckcycles.lu\/fr\/wp-json\/wp\/v2\/mec_category?post=25126"}],"curies":[{"name":"wp","href":"https:\/\/api.w.org\/{rel}","templated":true}]}}

<p>La camionnette Destination Everywhere bientôt au Luxembourg. Rejoignez le groupe Pas Normal Studios x Andy Schleck Cycles after work !</p>
<p>À la fin, vous êtes invités à rester pour boire un verre.</p>
<p>Cette randonnée est ouverte à tous les cyclistes dévoués, et il s'agit strictement d'une randonnée sans abandon. Veuillez apporter tout l'équipement, la nutrition et l'hydratation dont vous aurez besoin pour cette randonnée, et n'oubliez pas que le port du casque est obligatoire. Les règles de circulation et les lois doivent être respectées à tout moment.</p>
<p>&nbsp;</p>
<p>Information importante !</p>
<p>Type : Route</p>
<p>Distance : 55 km, 570 m+</p>
<p>Heure de la réunion : 18h00</p>
<p>Heure de départ : 18:15</p>
<p>Point de rencontre : Andy Schleck Cycles Itzig</p>

<p>La camionnette Destination Everywhere bientôt au Luxembourg. Rejoignez le Pas Normal Studios x Andy Schleck Cycles after work group ride ! A la fin, vous êtes les bienvenus pour rester boire un verre. Cette sortie est ouverte à tous les cyclistes dévoués, et elle est strictement interdite. Merci d'apporter votre matériel, votre alimentation et votre hydratation ... <a href="https://andyschleckcycles.lu/fr/evenements/pas-de-promenade-sociale-normale-sur-route/" class="more-link">continuer la lecture <span class="screen-reader-text">PAS NORMAL Social Road Ride</span></a></p>
