{"id":25126,"date":"2025-07-05T09:18:14","date_gmt":"2025-07-05T07:18:14","guid":{"rendered":"https:\/\/andyschleckcycles.lu\/?post_type=mec-events&#038;p=25126"},"modified":"2025-07-05T15:46:31","modified_gmt":"2025-07-05T13:46:31","slug":"pas-normale-soziale-strasenfahrt","status":"publish","type":"mec-events","link":"https:\/\/andyschleckcycles.lu\/de\/veranstaltungen\/pas-normale-soziale-strasenfahrt\/","title":{"rendered":"PAS NORMAL Social Road Ride"},"content":{"rendered":"<p>Der Destination Everywhere Van bald in Luxemburg. Nehmen Sie an der Feierabendtour der Pas Normal Studios x Andy Schleck Cycles teil!<\/p>\n<p>Am Ende sind Sie herzlich eingeladen, auf einen Drink zu bleiben.<\/p>\n<p>Diese Fahrt steht allen engagierten Radfahrern offen, und es ist eine Fahrt ohne Umsteigen. Bitte bringen Sie alle Ausr\u00fcstung, Nahrung und Fl\u00fcssigkeit mit, die Sie f\u00fcr diese Fahrt ben\u00f6tigen, und denken Sie daran, dass f\u00fcr die Teilnahme eine Helmpflicht besteht. Die Verkehrsregeln und -gesetze sind jederzeit einzuhalten.<\/p>\n<p>&nbsp;<\/p>\n<p>Wichtige Information!<\/p>\n<p>Art: Stra\u00dfe<\/p>\n<p>Entfernung: 55 km, 570 m+<\/p>\n<p>Uhrzeit der Begegnung: 18:00<\/p>\n<p>Abfahrtszeit: 18:15<\/p>\n<p>Treffpunkt: Andy Schleck Fahrr\u00e4der Itzig<\/p>","protected":false},"excerpt":{"rendered":"<p>Der Destination Everywhere Van bald in Luxemburg. Nehmen Sie an der Feierabendtour der Pas Normal Studios x Andy Schleck Cycles teil! Am Ende sind Sie herzlich eingeladen, auf einen Drink zu bleiben. Diese Fahrt steht allen engagierten Radfahrern offen und ist eine reine \"No-Drop\"-Fahrt. Bitte bringen Sie Ihre Ausr\u00fcstung, Nahrung und Fl\u00fcssigkeit mit ... <a href=\"https:\/\/andyschleckcycles.lu\/de\/veranstaltungen\/pas-normale-soziale-strasenfahrt\/\" class=\"more-link\">Lesen Sie weiter <span class=\"screen-reader-text\">PAS NORMAL Social Road Ride<\/span><\/a><\/p>","protected":false},"author":1029,"featured_media":25127,"comment_status":"closed","ping_status":"closed","template":"","tags":[],"mec_category":[],"class_list":["post-25126","mec-events","type-mec-events","status-publish","has-post-thumbnail","hentry"],"_links":{"self":[{"href":"https:\/\/andyschleckcycles.lu\/de\/wp-json\/wp\/v2\/mec-events\/25126","targetHints":{"allow":["GET"]}}],"collection":[{"href":"https:\/\/andyschleckcycles.lu\/de\/wp-json\/wp\/v2\/mec-events"}],"about":[{"href":"https:\/\/andyschleckcycles.lu\/de\/wp-json\/wp\/v2\/types\/mec-events"}],"author":[{"embeddable":true,"href":"https:\/\/andyschleckcycles.lu\/de\/wp-json\/wp\/v2\/users\/1029"}],"replies":[{"embeddable":true,"href":"https:\/\/andyschleckcycles.lu\/de\/wp-json\/wp\/v2\/comments?post=25126"}],"wp:featuredmedia":[{"embeddable":true,"href":"https:\/\/andyschleckcycles.lu\/de\/wp-json\/wp\/v2\/media\/25127"}],"wp:attachment":[{"href":"https:\/\/andyschleckcycles.lu\/de\/wp-json\/wp\/v2\/media?parent=25126"}],"wp:term":[{"taxonomy":"post_tag","embeddable":true,"href":"https:\/\/andyschleckcycles.lu\/de\/wp-json\/wp\/v2\/tags?post=25126"},{"taxonomy":"mec_category","embeddable":true,"href":"https:\/\/andyschleckcycles.lu\/de\/wp-json\/wp\/v2\/mec_category?post=25126"}],"curies":[{"name":"wp","href":"https:\/\/api.w.org\/{rel}","templated":true}]}}

<p>Der Destination Everywhere Van bald in Luxemburg. Nehmen Sie an der Feierabendtour der Pas Normal Studios x Andy Schleck Cycles teil!</p>
<p>Am Ende sind Sie herzlich eingeladen, auf einen Drink zu bleiben.</p>
<p>Diese Fahrt steht allen engagierten Radfahrern offen, und es ist eine Fahrt ohne Umsteigen. Bitte bringen Sie alle Ausrüstung, Nahrung und Flüssigkeit mit, die Sie für diese Fahrt benötigen, und denken Sie daran, dass für die Teilnahme eine Helmpflicht besteht. Die Verkehrsregeln und -gesetze sind jederzeit einzuhalten.</p>
<p>&nbsp;</p>
<p>Wichtige Information!</p>
<p>Art: Straße</p>
<p>Entfernung: 55 km, 570 m+</p>
<p>Uhrzeit der Begegnung: 18:00</p>
<p>Abfahrtszeit: 18:15</p>
<p>Treffpunkt: Andy Schleck Fahrräder Itzig</p>

<p>Der Destination Everywhere Van bald in Luxemburg. Nehmen Sie an der Feierabendtour der Pas Normal Studios x Andy Schleck Cycles teil! Am Ende sind Sie herzlich eingeladen, auf einen Drink zu bleiben. Diese Fahrt steht allen engagierten Radfahrern offen und ist eine reine "No-Drop"-Fahrt. Bitte bringen Sie Ihre Ausrüstung, Nahrung und Flüssigkeit mit ... <a href="https://andyschleckcycles.lu/de/veranstaltungen/pas-normale-soziale-strasenfahrt/" class="more-link">Lesen Sie weiter <span class="screen-reader-text">PAS NORMAL Social Road Ride</span></a></p>
